+ 5*y + 6. What is l(3)?
12
Let y(u) = 16*u**3 - 3*u**2 - 12*u - 10. What is y(-1)?
-17
Let p(d) = -d**3 + 6*d**2 + 1. Determine p(5).
26
Let a(n) = -n**3 + 13*n**2 - 4*n - 85. Determine a(12).
11
Let p(w) = 20*w + 222. Give p(-11).
2
Let p(g) = 8*g + 19. Determine p(-2).
3
Let z(o) = 3*o**2 - 16*o - 16. Calculate z(7).
19
Let m(a) = -a**2 + 6. Give m(-6).
-30
Let s(d) = d**2 + 12*d + 20. What is s(-10)?
0
Let i(o) = -o**2 + 17. Determine i(0).
17
Let y(q) = q**2 + 13*q - 27. Give y(-14).
-13
Let s(h) = 13*h + 6. Give s(-1).
-7
Let u(h) = 8*h + 8. Calculate u(-2).
-8
Let y(g) = 31*g + 29. Calculate y(-4).
-95
Let v(i) = -7*i + 10. What is v(6)?
-32
Let u(m) = -2*m - 11. What is u(18)?
-47
Let b(a) = -a**2 + 6*a - 1. Determine b(5).
4
Let h(x) = -2*x**2 + 2*x - 10. Calculate h(-7).
-122
Let y(w) = 4*w + 7. Calculate y(-3).
-5
Let r(b) = -2*b**2 - 14*b - 1. Give r(-7).
-1
Let r(l) = 2*l + 4. What is r(6)?
16
Let u(c) = -10*c**3 + 2*c**2 - c - 2. What is u(-1)?
11
Let t(j) = -7*j + 42. Determine t(0).
42
Let c(x) = -2*x**2 - 3*x + 7. Calculate c(3).
-20
Let d(r) = -2*r**2 + 2*r + 1. Give d(2).
-3
Let d(w) = 30*w + 287. Determine d(-9).
17
Let h(y) = -2*y + 17. Give h(9).
-1
Let i(s) = s**2 + 22*s - 1033. What is i(23)?
2
Let k(a) = a**2 - 22*a + 10. Give k(23).
33
Let r(a) = -a**3 + 4*a**2 + 13*a + 1. Determine r(6).
7
Let p(x) = -11*x**2 - 4*x - 3. Give p(-3).
-90
Let t(m) = 10*m + 6. Give t(-4).
-34
Let w(i) = -4*i**2 + 109*i - 22. Give w(27).
5
Let t(c) = 2*c - 12. Give t(11).
10
Let x(v) = -v + 3. Calculate x(-7).
10
Let v(u) = u**2 - 4*u - 2. Calculate v(4).
-2
Let q(h) = -h**3 + 8*h**2 + h + 4. Calculate q(8).
12
Let p(b) = b**3 + 2*b - 36. What is p(0)?
-36
Let t(s) = -7*s + 5. Calculate t(2).
-9
Let d(y) = -8*y - 2. What is d(2)?
-18
Let q(l) = -l**3 - l**2 + 3*l + 1. Calculate q(-2).
-1
Let m(c) = -16*c + 85. Calculate m(5).
5
Let j(s) = s. Calculate j(9).
9
Let g(d) = d - 11. Give g(8).
-3
Let f(c) = -17*c + 3. Calculate f(2).
-31
Let c(s) = s**2 + s. Give c(3).
12
Let i(k) = -28*k - 1. What is i(1)?
-29
Let f(v) = -6*v**3 - 3*v**2 + 2*v - 1. What is f(2)?
-57
Let k(m) = -2*m**2 - 74*m - 504. Calculate k(-28).
0
Let w(c) = 4*c**3 + 19*c**2 + 5*c - 5. Give w(-4).
23
Let s(z) = -z**3 - 6*z**2 + 7*z - 4. Calculate s(-7).
-4
Let k(n) = -2*n + 43. Calculate k(24).
-5
Let k(f) = -2*f - 6. Calculate k(-5).
4
Let m(j) = j**3 + 10*j**2 - 19*j - 19. What is m(-11)?
69
Let k(t) = 2*t**2 - 18*t + 9. Calculate k(9).
9
Let k(s) = s**2 - 4*s + 4. Calculate k(4).
4
Let l(s) = -s**2 - 22*s + 1642. What is l(31)?
-1
Let p(o) = -o**3 + 5*o**2 - 2*o - 4. What is p(3)?
8
Let s(b) = b**2 + 6*b - 1. Determine s(4).
39
Let h(d) = -d**3 + 7*d**2 - 4*d + 6. Give h(6).
18
Let d(h) = 5*h**2 + 4*h - 3. What is d(1)?
6
Let q(n) = -9*n + 147. What is q(14)?
21
Let j(u) = 13*u**2 + 4*u - 3. Calculate j(1).
14
Let k(b) = -b**3 - 3*b**2 + 4*b - 10. Determine k(-5).
20
Let p(l) = l**3 - 11*l**2 + 16*l + 3. Determine p(8).
-61
Let o(m) = -3*m - 19. Calculate o(-10).
11
Let g(p) = -19*p + 414. Give g(22).
-4
Let a(s) = -2*s**3 - 4*s**2 - 3*s - 3. Determine a(-3).
24
Let l(n) = -n**2 - 17*n - 29. Determine l(-17).
-29
Let c(l) = 4*l**2 - 3*l - 4. Determine c(-2).
18
Let o(b) = -b**2 + b - 7. Calculate o(2).
-9
Let x(p) = 25*p**2 - p - 2. Give x(-2).
100
Let u(k) = -3*k - 29. Calculate u(-13).
10
Let v(o) = 2*o + 15. Calculate v(-12).
-9
Let a(s) = -s**2 - 21*s - 5. Determine a(-21).
-5
Let n(f) = -4*f**3 + 3*f**2 - 2. Determine n(2).
-22
Let t(n) = -8*n - 48. Determine t(-4).
-16
Let i(j) = -j**2 + 7*j - 1. What is i(8)?
-9
Let o(g) = 9*g - 143. Calculate o(23).
64
Let q(k) = -k**3 - 8*k**2 + 11*k + 3. Calculate q(-9).
-15
Let n(o) = -o**3 + 4*o**2 + 7. Determine n(3).
16
Let d(s) = -s**2 - 15*s - 4. What is d(-16)?
-20
Let q(m) = -9*m**2 - 12*m - 28. Calculate q(-4).
-124
Let j(q) = q**2 + 6*q - 2. Calculate j(-8).
14
Let q(r) = -15*r + 27. What is q(3)?
-18
Let r(n) = 18*n**2 - 197*n - 6. What is r(11)?
5
Let n(o) = 6*o + 12. Give n(10).
72
Let s(q) = 4*q**2 - 33*q - 17. What is s(8)?
-25
Let b(y) = -120*y - 586. Give b(-5).
14
Let s(j) = j**3 - 9*j**2 + 20*j - 9. Give s(6).
3
Let k(d) = -d**2 + 5*d + 5. Calculate k(-2).
-9
Let w(b) = -43*b - 324. Give w(-8).
20
Let a(h) = h**3 + 8*h**2 + h + 17. Determine a(-8).
9
Let s(f) = f**2 + 8*f - 6. Give s(-8).
-6
Let v(z) = -z**3 + 11*z**2 + 9*z + 62. Give v(12).
26
Let q(a) = a**3 - 7*a**2 - 2*a - 17. Calculate q(8).
31
Let u(c) = -2*c**2 - c - 19. What is u(8)?
-155
Let g(o) = -2*o**2 + o - 27. Give g(0).
-27
Let a(h) = -2*h**2 - 13*h + 3. What is a(-6)?
9
Let f(v) = v**2 - 3*v - 269. What is f(18)?
1
Let u(t) = -t**3 + 55*t**2 + 118*t - 226. Give u(57).
2
Let g(o) = o**2 - 14*o + 4. Calculate g(12).
-20
Let y(m) = 2*m**2 - 13*m + 1. Give y(6).
-5
Let c(b) = b**2 - 10*b - 13. Determine c(11).
-2
Let u(h) = 8*h + 352. What is u(-44)?
0
Let m(p) = p**2 - 17*p - 139. Give m(23).
-1
Let k(u) = 25*u + 1. Determine k(1).
26
Let i(m) = -13*m + 100. Calculate i(8).
-4
Let p(u) = u**2 - 29*u - 97. Give p(32).
-1
Let n(d) = d**3 - 8*d**2 + 7*d - 10. Give n(7).
-10
Let t(h) = -62*h - 689. Calculate t(-11).
-7
Let g(m) = -m**2 + 4*m + 12. What is g(-5)?
-33
Let i(y) = y**3 - 13*y**2 + 24*y - 7. Give i(11).
15
Let z(y) = 4*y**2 - 22*y + 38. Give z(2).
10
Let y(q) = q**3 + 10*q**2 - 7*q - 146. Determine y(-9).
-2
Let r(o) = -o**3 + 4*o**2 - 3*o + 5. What is r(5)?
-35
Let a(z) = -2*z**2 - 8*z - 7. What is a(-3)?
-1
Let d(a) = a**3 + 5*a**2 - 9*a + 6. Calculate d(-7).
-29
Let b(k) = -2*k**3 - 7*k**2 - 2*k - 6. Calculate b(-3).
-9
Let a(q) = q**2 - 21*q - 78. Determine a(24).
-6
Let y(l) = -l**2 - 15. Give y(0).
-15
Let h(u) = u**3 + 30*u**2 - 177*u - 70. What is h(-35)?
0
Let r(p) = 5*p. Determine r(8).
40
Let u(b) = -b**3 + 7*b**2 - 4. Determine u(7).
-4
Let y(b) = b**2 - 13*b + 1. Determine y(12).
-11
Let b(j) = -j + 2. What is b(7)?
-5
Let t(u) = -u**3 + 4*u. Calculate t(-3).
15
Let m(s) = -s**2 + 4*s - 5. Give m(6).
-17
Let u(x) = x**3 - 13*x**2 + 11*x - 18. Give u(12).
-30
Let t(m) = 15*m + 5. Give t(-2).
-25
Let f(g) = 3*g + 56. Give f(-9).
29
Let w(j) = j**3 + 18*j**2 + 18*j - 40. Give w(-17).
-57
Let w(b) = 2*b**2 - 30*b - 5. Give w(14).
-33
Let z(i) = -2*i + 14. Determine z(5).
4
Let v(l) = 17*l**2 - 102*l + 3. Determine v(6).
3
Let j(o) = -2*o + 27. Determine j(15).
-3
Let u(s) = s**3 + 9*s**2 - 10*s - 9. Determine u(-10).
-9
Let q(f) = -f**3 + 21*f**2 + 45*f + 24. What is q(23)?
1
Let p(o) = -o**3 - 11*o**2 - 15*o + 17. What is p(-9)?
-10
Let s(n) = n**3 - n**2 - 2*n - 2. Give s(-1).
-2
Let o(m) = -17*m. Give o(-1).
17
Let x(a) = 6*a - 4. Give x(8).
44
Let a(g) = 2*g**3 - 4*g**2 + g - 2. What is a(3)?
19
Let m(x) = -x + 7. What is m(6)?
1
Let h(u) = -15*u - 233. Calculate h(-15).
-8
Let r(l) = l**2 - 7*l - 21. Determine r(9).
-3
Let x(m) = -m**2 + 17*m - 33. What is x(13)?
19
Let s(f) = 27*f + 105. What is s(-4)?
-3
Let m(n) = -2*n**3 + 15*n**2 - 16*n - 8. Calculate m(6).
4
Let f(m) = -4*m**3 + 3*m**2 - 2*m. Give f(2).
-24
Let v(s) = -4*s - 3. Give v(-5).
17
Let g(n) = 15*n - 5. What is g(4)?
55
Let l(f) = f**2 + 21*f + 111. Calculate l(-8).
7
Let b(l) = -2*l**3 - 5*l**2 - 3*l + 2. Calculate b(-3).
20
Let i(z) = z**2 + 8*z - 65. Determine i(4).
-17
Let j(g) = -6*g + 57. Give j(11).
-9
Let r(k) = -k**3 - k**2 - k + 10. Determine r(0).
10
Let p(b) = 9*b + 2. What is p(-2)?
-16
Let t(n) = -n**3 + 15*n**2 + 18*n - 19. What is t(16)?
13
Let c(f) = 13*f + 10. Give c(-1).
-3
Let b(q) = -q**3 - 5*q**2 - 3*q - 1. Determine b(-2).
-7
Let y(s) = 5*s + 93. Determine y(-17).
8
Let i(a) = a**3 + 16*a**2 - 18*a - 11. What is i(-17)?
6
Let s(d) = 4*d + 49. What is s(-16)?
-15
Let g(z) = -3*z - 3. What is g(6)?
-21
Let p(o) = 2*o**2 + 10*o + 3. Determine p(-7).
31
Let w(b) = -b**2 + b - 8. Calculate w(0).
-8
Let f(r) = 4*r**2 + 158*r + 84. Calculate f(-39).
6
Let m(j) = j**3 - 3*j**2 + 4*j - 5. What is m(3)?
7
Let f(v) = -v**3 + 13*v**2 - 21*v - 24. Give f(11).
-13
Let x(o) = -4*o + 8. Calculate x(0).
8
Let b(p) = p**3 + 7*p**2 - 9. What is b(-5)?
41
Let a(l) = l**3 - 10*l**2 + 4. Determine a(10).
4
Let w(o) = -2*o**2 - 18*o - 32. What is w(-3)?
4
Let w(m) = 2*m - 11. Determine w(7).
3
Let v(a) = -a - 6. Calculate v(3).
-9
Let a(w) = -2*w**2 -